 z is divided by 74?
72
Suppose 3*a - 20 = 4*f, -5*a + 4*f = 8*f - 12. What is the remainder when 366 is divided by a?
2
Let j be ((-450)/(-21))/(5 + 170/(-35)). Suppose 5*y + 4*l - 400 = 0, 4*l = y - 32 - 24. Calculate the remainder when y is divided by -8*(-1)/6*j/10.
16
What is the remainder when (1 - 48330/(-20))*(-4)/(-5) is divided by 215?
214
What is the remainder when 1759 is divided by ((-6 - 138/(-12)) + (1 - 5))*388?
13
Let c(l) = -l**3 + 4*l**2 + 25*l - 12. Let z(j) = -4*j + 11*j + 12*j + 4. Calculate the remainder when z(3) is divided by c(7).
13
Let s be 37/(-9) - ((-220)/36 - -6). Calculate the remainder when 14 is divided by s/3*(-189)/42.
2
Let p(u) = -u**2 - 4*u + 10. Suppose -2 = 2*h + 2. Let y = h + 8. What is the remainder when y is divided by p(-5)?
1
Let z = -6158 - -6357. Calculate the remainder when 439 is divided by z.
41
Let b = -2912 - -2986. Calculate the remainder when b is divided by 69.
5
Calculate the remainder when 1*(1045/(-570))/((-2)/132) is divided by 27.
13
Let v(n) = n**2 - 9*n - 26. What is the remainder when -66*(28/(-56))/(1/2) is divided by v(12)?
6
Suppose g - 5*f - 37 = -2*f, 2*f = g - 32. What is the remainder when 44 is divided by g?
0
Suppose 60299*f = 60319*f - 3420. Calculate the remainder when 465 is divided by f.
123
Let k(y) = -y**2 + 4*y + 2. Let o be k(4). Suppose 0 = -2*b - d + 191, -d = -o*b + d + 182. What is the remainder when b is divided by 12?
10
Calculate the remainder when 163 is divided by (21/28)/((-2)/(-72)) + 7.
27
Let v(m) = 8*m - 1. Calculate the remainder when (-864)/(-15) - (-24)/60 is divided by v(4).
27
Let j = -413 + 418. Calculate the remainder when 246 is divided by (27/6)/(j/70) - 1.
60
Let u = 124 - 1. Suppose -2*z + v - 171 = 72, -2*v - 594 = 5*z. What is the remainder when u is divided by (z/(-8))/(6/10)?
23
Suppose 0 = -4*c - 2*i + 5*i + 6, -4*i - 8 = 4*c. Let w be (c - 2/(-4))/((-1)/(-2)). Calculate the remainder when (1 + w + -3)*-3 is divided by 2.
1
Suppose -5*o = 4*y + 562, 4*y = 3*o - 757 + 179. Let a = y - -168. What is the remainder when 28 is divided by a?
3
Suppose -3*q + 2*u = 3*u - 2, 0 = 5*q - 3*u - 22. Let v(d) = 14*d + 1 - 20*d + 11*d**q - 2*d**3 + d**3. What is the remainder when v(9) is divided by 22?
21
Calculate the remainder when 286 is divided by (-481)/(-26) + -20 - 362/(-4).
19
Suppose 137*n + 125*n - 23318 = 0. What is the remainder when n is divided by 25?
14
Let n = -8741 - -8938. Calculate the remainder when 1561 is divided by n.
182
Suppose -2*s = u - 53, -13*u + 10*u + 103 = 10*s - 6*s. Let z(b) = 6*b - 1. Let d be z(1). Let n = d + 3. Calculate the remainder when s is divided by n.
4
Let t be (-1 - (-2048)/7) + 63/147. Let r = t + -104. What is the remainder when r is divided by 10?
8
Suppose 18*d + 144*d - 8871 = 20937. What is the remainder when d is divided by 40?
24
Let z = -14094 - -14171. What is the remainder when 388 is divided by z?
3
Let l(b) = 8*b - 8. Suppose -445*q = -447*q - 6, 4*z - 3*q = 161. Calculate the remainder when l(9) is divided by z.
26
Let d = 779962 + -779897. What is the remainder when d is divided by 1/((-6)/34)*-3?
14
Suppose 24 = 15*s - 12*s + 2*y, -4*s - y = -32. Suppose 3*v + 26 = f + s*v, 4*f = v + 104. What is the remainder when 204 is divided by f?
22
Let t(r) = r**2 - 29*r + 254. Let d be t(23). Suppose 3*k - 3*b - 348 = -2*b, -k + 4*b = -d. Calculate the remainder when k is divided by 13.
12
Let c(x) = x**2 + x - 4. Suppose -130*y + 7400 = -30*y. Calculate the remainder when y is divided by c(4).
10
Suppose 3*d - 2*t + 97 = 2*t, -5*t + 5 = 0. Let m = -22 - d. Let k = 20 + m. Calculate the remainder when 113 is divided by k.
26
Let j = 52289 - 52270. Let d(f) be the second derivative of 9*f**5/5 + f**4/6 - f**2/2 + f. Calculate the remainder when d(1) is divided by j.
18
Suppose -4*c + 0 + 40 = 0. Let r(m) = 40*m**2 - m + 1. Let w be r(2). Let x = 165 - w. What is the remainder when c is divided by x?
4
Let f = 12226 + -12128. What is the remainder when 9505 is divided by f?
97
Suppose 0 = v - t - 469, 546 = -2*v + 5*t + 1457. Calculate the remainder when v is divided by 2.
0
Let s = 249 + -167. Let r = -222 + s. Calculate the remainder when 31 is divided by r/21*-2*(-6)/(-8).
1
Let r = 72 + -67. Suppose 4*i = 2*t - 52, 2 = 6*i - 5*i. What is the remainder when (0 - 80/12)*(-42)/r is divided by t?
26
Suppose 92*t = 379 + 1553. What is the remainder when 152 is divided by t?
5
Suppose -5*c + 882 = 2*c. Suppose 5*g + 135 = 5*j, 0*j - j + 3*g + 17 = 0. Calculate the remainder when c is divided by j.
30
Let k(o) = 4*o**3 - 5*o**2 + 33*o - 44. What is the remainder when 252 is divided by k(3)?
16
Let d be (-13 + 19)*1/2. Let s(t) = -9*t + 42. Calculate the remainder when 74 is divided by s(d).
14
Suppose -103*h - 1173 = -172*h. Calculate the remainder when 185 is divided by h.
15
Let g(j) = 3*j**3 + 6*j**2 - 2*j + 21. Let q be g(-5). Let r = q + 212. Let o = 57 + -25. What is the remainder when o is divided by r?
14
Suppose 8*p + 3*j = 3*p + 173, 2*j - 103 = -3*p. Let m be 15/20 + 3/(-36)*-87. Suppose 0 = m*q + 3*q - 1177. Calculate the remainder when q is divided by p.
33
What is the remainder when (25/3 - -1)*(-9102)/(-259) is divided by 370/8 + (-6)/(-8)?
46
Let j = -561 - -573. Calculate the remainder when (-3)/(60/(-8)) - 628/(-5) is divided by j.
6
Let o be (6/12 - -1)*(1 + 1). Let p(d) = -5*d - 4 - 3 - o. Calculate the remainder when 94 is divided by p(-7).
19
Let r(n) = 30 - 2*n**2 - 2*n**2 + 82*n + 21 + 0*n**2 + n**2. What is the remainder when r(25) is divided by 59?
49
What is the remainder when (0 - 1)*(-6)/(-24)*-292 is divided by 59?
14
Suppose 2*r = 3*k - r - 264, -5*k + 440 = 3*r. Let f = -759 + 687. Let m = f + k. What is the remainder when 35 is divided by m?
3
Suppose 0*m - 3*x + 16 = -m, 140 = m + 23*x. What is the remainder when 92 is divided by m?
0
Suppose 18*o - 3138 = -2562. What is the remainder when 308/((1 + 5)/6) is divided by o?
20
Let y(c) = -c**3 + 6*c + 10. Let j = -102 + 98. Suppose -26 - 26 = -2*u. Calculate the remainder when y(j) is divided by u.
24
What is the remainder when 591 is divided by 14 - (-4 - (0 + 21))?
6
Let q = 1563 - 1559. Suppose -3 = -j + 24. What is the remainder when j is divided by q?
3
Suppose -95*z + 2365 = j - 100*z, -3*j = 2*z - 7027. Calculate the remainder when j is divided by 21.
14
Let n = -39900 - -39996. Calculate the remainder when 3959 is divided by n.
23
Suppose -5*h - 6*o + 1590 = -2*o, -5*o = 5*h - 1595. Let w = h - 299. What is the remainder when w is divided by 4?
3
Let l = 6678 - 6136. What is the remainder when l is divided by 11?
3
Suppose -4*s + s - 3*a = -330, 0 = -5*s + a + 550. Let m = 204 - s. Suppose -2*h + 3 = -21. What is the remainder when m is divided by h?
10
Let u = 47 + -23. Suppose -u = -2*w + 32. Let h = -46779 + 46794. Calculate the remainder when w is divided by h.
13
Let l = 456 - 457. Let o(v) = -2*v - 5. Let b be o(-10). Let k = l + b. What is the remainder when k is divided by 9?
5
Let l(v) = 5*v - 6. Let a = 147032 - 146555. Calculate the remainder when a is divided by l(6).
21
Let r = 4624 + -4602. Calculate the remainder when 4216 is divided by r.
14
Suppose -248 - 261 - 11 = -40*r. What is the remainder when 3638 is divided by r?
11
Let m be (-78)/(-21) - 26/(-91). Suppose m*q - 117 = -5*q. Calculate the remainder when q is divided by 9.
4
Let y(t) = -t**2 - 6*t + 1. Let w = -30448 - -30762. What is the remainder when w is divided by y(-4)?
8
Let j = -6 + 63. Let p(k) = -11*k**3 + k**2 - 1. Let d be p(-2). Suppose 9*w = 17 + d. What is the remainder when j is divided by w?
9
Suppose -6 = 14*l - 17*l - 3*a, 0 = -l - 5*a + 10. Suppose -6*w + 34 = -w - 2*c, l = w - 5*c + 7. Calculate the remainder when -2*2*122/(-8) is divided by w.
5
Suppose 13*z - 12*z + 1519 = 50*z. Calculate the remainder when 408 is divided by z.
5
Suppose o + 68 = 4*m - 120, 5*m - 235 = 5*o. Calculate the remainder when m is divided by (-1)/(2/(-18)) + (-22 - -19).
5
Suppose 5*a + 0*a + 82 = -m, 0 = 5*a + 2*m + 84. Let t = a + 44. What is the remainder when 3 - -50 - 5 - -5 is divided by t?
25
Let x be 4 + (3 - 3) - -1186. Suppose -23*j + 13*j = -x. What is the remainder when j is divided by 36?
11
Let x(k) = 6 - 3*k - 35 + 11